e the greatest common divisor of 6 and 267.
3
What is the greatest common factor of 175 and 100?
25
What is the greatest common divisor of 666 and 1887?
111
Calculate the highest common divisor of 8476 and 52.
52
Calculate the highest common factor of 450 and 200.
50
Calculate the greatest common divisor of 45 and 45.
45
What is the highest common factor of 4224 and 66?
66
What is the greatest common divisor of 210 and 510?
30
What is the highest common factor of 321 and 2033?
107
Calculate the greatest common factor of 147 and 3.
3
Calculate the highest common divisor of 7 and 3395.
7
Calculate the greatest common factor of 3640 and 360.
40
Calculate the greatest common factor of 8361 and 63.
9
Calculate the greatest common divisor of 129 and 3.
3
Calculate the greatest common divisor of 350 and 400.
50
Calculate the greatest common divisor of 69 and 6.
3
Calculate the greatest common divisor of 312 and 6123.
39
What is the greatest common factor of 582 and 78?
6
Calculate the greatest common factor of 22905 and 15.
15
Calculate the greatest common factor of 170 and 782.
34
What is the highest common divisor of 6325 and 11?
11
What is the greatest common factor of 2016 and 36?
36
Calculate the greatest common divisor of 776 and 97.
97
Calculate the highest common factor of 390 and 7.
1
What is the greatest common divisor of 98 and 5929?
49
Calculate the greatest common divisor of 15295 and 20.
5
What is the highest common divisor of 5405 and 230?
115
Calculate the highest common factor of 430 and 320.
10
Calculate the highest common factor of 1812 and 24.
12
Calculate the greatest common factor of 40 and 1415.
5
What is the greatest common factor of 2481 and 3?
3
What is the greatest common divisor of 36 and 1692?
36
Calculate the highest common factor of 67 and 67.
67
Calculate the highest common divisor of 210 and 150.
30
Calculate the greatest common divisor of 52 and 351.
13
Calculate the greatest common divisor of 1143 and 9.
9
Calculate the greatest common factor of 12 and 123.
3
What is the greatest common factor of 14 and 5?
1
Calculate the greatest common factor of 9 and 333.
9
What is the greatest common factor of 26 and 1586?
26
What is the highest common factor of 696 and 72?
24
What is the greatest common factor of 510 and 18258?
102
What is the greatest common factor of 7 and 371?
7
What is the greatest common factor of 400 and 75?
25
What is the greatest common divisor of 6747 and 13?
13
Calculate the greatest common divisor of 1184 and 407.
37
Calculate the greatest common factor of 113 and 4633.
113
What is the greatest common divisor of 220 and 396?
44
What is the highest common factor of 3 and 69?
3
What is the highest common factor of 1 and 3?
1
What is the greatest common factor of 123 and 12095?
41
What is the highest common divisor of 495 and 225?
45
What is the highest common divisor of 7648 and 80?
16
Calculate the highest common divisor of 17 and 9.
1
What is the greatest common divisor of 1 and 71?
1
Calculate the greatest common factor of 600 and 84.
12
Calculate the highest common factor of 4439 and 115.
23
What is the highest common divisor of 18 and 450?
18
Calculate the highest common divisor of 252 and 576.
36
What is the highest common divisor of 1288 and 672?
56
Calculate the greatest common divisor of 165 and 300.
15
What is the highest common factor of 45 and 153?
9
Calculate the greatest common divisor of 29223 and 34.
17
What is the highest common divisor of 636 and 12?
12
What is the highest common divisor of 1022 and 56?
14
What is the highest common divisor of 1504 and 128?
32
Calculate the greatest common divisor of 576 and 72.
72
Calculate the greatest common factor of 66 and 176.
22
Calculate the greatest common divisor of 192 and 2.
2
What is the greatest common divisor of 60 and 225?
15
Calculate the greatest common divisor of 10782 and 36.
18
What is the highest common divisor of 4276 and 8?
4
What is the greatest common divisor of 265 and 689?
53
Calculate the greatest common divisor of 162 and 108.
54
What is the greatest common factor of 176 and 272?
16
What is the highest common factor of 66 and 9174?
66
What is the highest common factor of 1659 and 21?
21
Calculate the highest common factor of 42 and 102.
6
Calculate the highest common divisor of 129 and 9589.
43
Calculate the greatest common factor of 1581 and 837.
93
What is the greatest common factor of 136 and 646?
34
Calculate the highest common factor of 2696 and 16.
8
What is the highest common factor of 3249 and 45?
9
Calculate the greatest common divisor of 14 and 896.
14
What is the greatest common divisor of 220 and 200?
20
Calculate the greatest common factor of 77 and 88.
11
What is the highest common factor of 2460 and 270?
30
Calculate the greatest common divisor of 6119 and 211.
211
Calculate the greatest common divisor of 5359 and 207.
23
What is the greatest common factor of 17164 and 140?
28
Calculate the greatest common factor of 221 and 935.
17
What is the highest common divisor of 99 and 792?
99
What is the greatest common factor of 1892 and 559?
43
Calculate the greatest common divisor of 96 and 256.
32
What is the greatest common divisor of 38 and 627?
19
What is the greatest common factor of 8625 and 30?
15
What is the greatest common factor of 210 and 2898?
42
Calculate the highest common divisor of 2918 and 4.
2
What is the highest common factor of 35 and 1120?
35
What is the greatest common factor of 488 and 248?
8
What is the greatest common factor of 72394 and 14?
14
What is the greatest common factor of 170 and 340?
170
What is the highest common divisor of 172 and 215?
43
What is the highest common divisor of 24 and 24?
24
What is the highest common factor of 135 and 30?
15
What is the highest common factor of 415 and 5?
5
Calculate the greatest common factor of 8 and 13.
1
Calculate the greatest common divisor of 1232 and 7.
7
What is the greatest common factor of 1323 and 245?
49
What is the highest common divisor of 60 and 1062?
6
What is the highest common factor of 1280 and 32?
32
What is the greatest common factor of 2312 and 56?
8
Calculate the greatest common factor of 35 and 110.
5
What is the highest common divisor of 861 and 126?
21
What is the highest common divisor of 17224 and 8?
8
Calculate the greatest common factor of 44 and 2123.
11
What is the greatest common divisor of 400 and 16?
16
Calculate the greatest common factor of 42 and 105.
21
What is the greatest common factor of 237 and 21?
3
Calculate the greatest common factor of 4 and 208.
4
Calculate the highest common factor of 851 and 370.
37
Calculate the highest common factor of 672 and 1968.
48
Calculate the highest common divisor of 148 and 2442.
74
What is the greatest common divisor of 150 and 15?
15
What is the greatest common divisor of 2107 and 1075?
43
Calculate the highest common divisor of 224 and 70.
14
What is the greatest common factor of 81 and 711?
9
What is the greatest common divisor of 5 and 10?
5
Calculate the highest common divisor of 14499 and 179.
179
What is the greatest common factor of 105 and 147?
21
What is the greatest common factor of 936 and 18?
18
Calculate the greatest common divisor of 1088 and 1122.
34
What is the highest common factor of 1734 and 442?
34
Calculate the greatest common factor of 962 and 74.
74
What is the highest common divisor of 7 and 10?
1
What is the highest common divisor of 589 and 19?
19
What is the highest common factor of 31906 and 106?
106
What is the highest common divisor of 165 and 627?
33
Calculate the greatest common divisor of 224 and 1232.
112
What is the greatest common divisor of 55 and 385?
55
What is the greatest common divisor of 27 and 1647?
27
Calculate the highest common divisor of 25021 and 191.
191
What is the highest common divisor of 729 and 108?
27
Calculate the greatest common factor of 702 and 54.
54
Calculate the greatest common factor of 5446 and 28.
14
What is the highest common factor of 513 and 380?
19
What is the highest common factor of 18 and 99?
9
Calculate the highest common divisor of 5648 and 64.
16
Calculate the highest common factor of 20 and 620.
20
Calculate the highest common factor of 37074 and 148.
74
Calculate the highest common d